the prime factors of y.
2, 3, 5, 283
Let z be (-9)/18 - (5/2 + 0). Let p(l) = 15*l**2 + 17*l + 23. Let c(f) = -7*f**2 - 8*f - 11. Let h(t) = -5*c(t) - 2*p(t). List the prime factors of h(z).
2, 3
Let n(l) = l**2 + 12*l - 4. Let g(a) = 9*a - 89. Let r be g(8). What are the prime factors of n(r)?
3
Let b(q) = 48*q**2 - 63*q + 424. List the prime factors of b(29).
5, 7793
Let s be (-1)/(-3 + 1689/564). Suppose 5*u - 2*g + 0*g = -14, 4*u = -4*g. List the prime factors of 3*(s/6 - u).
2, 5
Let d(b) = 10*b - 2. Let f be d(5). Let g = -22 + -5. Let w = f - g. List the prime factors of w.
3, 5
Let f(d) = 187*d**2 + 20173 - 20173. What are the prime factors of f(-1)?
11, 17
Let l = 43 + -28. Let p(x) = x**3 - 14*x**2 - 16*x + 15. Let y be p(l). Suppose 7*u - 335 - 715 = y. List the prime factors of u.
2, 3, 5
Suppose 1228839 - 143672 = 70*y - 339753. List the prime factors of y.
2, 7, 727
Let u = 503 + -496. Let y(h) = 2*h**2 + 8*h - 32. What are the prime factors of y(u)?
2, 61
Suppose -22*y - 197 = -505. List the prime factors of 3507/y - (-2)/4.
251
What are the prime factors of -1 + 12 + 9723 - 35/(-5)?
3, 17, 191
Let a = -506 + 494. List the prime factors of -2 + a/(-2) + 814 + -5.
3, 271
List the prime factors of ((-496950)/6)/(-5) + 0 + 9.
2, 8287
Let c(z) = 1700*z + 44. Let f be c(3). Suppose 0 = -0*x - 8*x + f. What are the prime factors of x?
643
List the prime factors of (51/153)/(1/14928).
2, 311
List the prime factors of 7/(84/127320) + (1 - (1 - -3)).
10607
Let j(y) be the second derivative of y**4/4 + 2*y**3 + 17*y**2 + 10*y + 2. List the prime factors of j(-12).
2, 7, 23
Let d = -2970 - -33423. What are the prime factors of d?
3, 10151
Suppose -9017 - 31143 = -16*n. Suppose 5*t + 5*r = n, -21*t = -20*t + 4*r - 490. What are the prime factors of t?
2, 11, 23
Let l = -61 - -67. Suppose -28 = -20*y + l*y. Suppose -2*s - y*s = -464. List the prime factors of s.
2, 29
Suppose 12*n = 10993 - 1081. List the prime factors of n.
2, 7, 59
Let i(n) = -2*n**2 + 287*n + 593. What are the prime factors of i(86)?
11, 953
Let g(q) = q**3 + 6*q**2 + 8*q + 3. Let c be (5 - 2) + (-5 - 1). Let p be g(c). Suppose -p*z = -81 - 93. List the prime factors of z.
29
Let r = -4753 + 10778. What are the prime factors of r?
5, 241
Let d(w) = -71*w + 6. Let m be d(-3). Suppose -m = -4*j + 217. Suppose 4*b + y - 263 = b, -5*y - j = -b. What are the prime factors of b?
89
Let r be ((-3)/2 - -2)*-2*-561. Let i = r + -232. List the prime factors of i.
7, 47
Let s be (-4)/34 - 223/(-17). Let b = s + -10. Suppose b*a - 255 = -a + 5*c, -5*c + 165 = 2*a. What are the prime factors of a?
2, 5, 7
Let m = 27570 - 9456. What are the prime factors of m?
2, 3, 3019
What are the prime factors of (9/2)/((-666)/(-9711168))?
2, 3, 1367
Let k be 106/5*-4*(-30)/24. Suppose -2*o + 168 = -k. Suppose -o - 475 = -6*g. What are the prime factors of g?
2, 3, 17
Let q be 10/15*-38*90/(-24). Suppose 2*z - 198 = -2*c, -31*c = -z - 34*c + q. List the prime factors of z.
101
Let f be (-12)/(-36) + 5/3. Suppose q + 0*v = -2*v + 22, -f*q + 2*v = -38. What are the prime factors of (-1 - -76) + q/10?
7, 11
Suppose -917021 = -12*z - 35*z + 402974. List the prime factors of z.
5, 41, 137
Suppose -2*d = -14, 5*p = 75*d - 77*d + 24919. What are the prime factors of p?
17, 293
Suppose 72428 + 1248506 = 72*p - 1213034. List the prime factors of p.
2, 17597
Let x(h) = -4*h**2 + 2*h + 9. Let u(a) = -a**2 + a - 1. Let f(k) = u(k) - x(k). Let t be f(7). Suppose -59 = -3*d + t. List the prime factors of d.
3, 7
Suppose 0 = -3*b + 3*s, 5*s - 2 = -2*b + 5. What are the prime factors of b*753 + (-7)/(77/(-22))?
5, 151
Suppose -15*r + 7020 = -9*r. Suppose 0 = 4*m + m - r. What are the prime factors of m?
2, 3, 13
Suppose 0 = -5*h - 3*h. Suppose 4*n = 5*l + 844, 0 = 3*n - h*l - 5*l - 628. List the prime factors of n.
2, 3
Let x(c) = c**2 - 2*c - 7. Let v be x(5). Suppose 30 = v*t - 2. Suppose t*b = -3*d + 314, -d - 75 = -b - 0*b. List the prime factors of b.
7, 11
Let u(l) = -6*l + 168. Let y be u(22). Suppose -y*p + 33*p = s - 3553, 2*p - 2373 = -5*s. What are the prime factors of p?
2, 37
Suppose 5*c - 18 = -6*r + 3*r, 2*r = 2*c + 12. Suppose -r*z - 1 = -73. Let j(u) = -u**3 + 12*u**2 + 11*u - 22. What are the prime factors of j(z)?
2, 5, 11
Let y(p) = -p + 48. Suppose 3*u + 3*v = -84, -2*v = 5*u - v + 156. Let s = u - -17. What are the prime factors of y(s)?
3, 7
Suppose -27 = -3*h - 4*v, 5*v + 15 = 10*v. Suppose -186 = -c - y - 2*y, 0 = -h*y + 20. List the prime factors of c.
2, 3, 29
Let m(j) = -3 + 17 + 12*j - 102*j**2 + 107*j**2. What are the prime factors of m(-10)?
2, 197
Let u(x) = 3*x**2 - 4*x + 35. Let p(r) = -2*r**2 + 4*r - 35. Let q(a) = -4*p(a) - 3*u(a). Let b be q(15). What are the prime factors of (b/6)/((-49)/21 + 2)?
5
Let q(i) = -2*i**2 - 19*i + 5. Let f(x) = x**2 + 9*x - 2. Let m(y) = 13*f(y) + 6*q(y). Let z be m(4). Suppose -z*r + 28*r + 36 = 0. List the prime factors of r.
3
Let l = 72294 + -51175. List the prime factors of l.
7, 431
Let k be 88/24 + (-1)/(-3). Let w be 1*k/12*6. Suppose 2*r = -w*m - 11 + 33, -3*m = -5*r + 63. List the prime factors of r.
2, 3
Let f(d) = 2*d + 10. Let i be f(-10). Let k(n) = -n**3 - 8*n**2 + 21*n + 6. Let o be k(i). Let t(s) = 2*s**2 - 5. What are the prime factors of t(o)?
3
Let f(g) = g**3 - 3*g**2 - 9*g - 4. Let r be (-21)/147 - (-57)/7. List the prime factors of f(r).
2, 61
Let z(p) = p**2 - 5*p - 21. Let o be z(23). Suppose 3*r = -o - 288. Let f = r + 332. What are the prime factors of f?
3, 5, 7
Let m be 1 - ((0 - -2) + (-20)/4). Let o(f) = f**2 - 9*f + 2. Let y be o(m). What are the prime factors of y/(-27)*(-714)/(-4)?
7, 17
Suppose 14*o + 14*o = 8*o. Suppose 5*i + 4*p = 9678 - 3004, o = 5*i + 2*p - 6682. List the prime factors of i.
2, 3, 223
Let l(u) = -u**2 - 10*u + 14. Suppose 0*c + 5*a - 80 = 5*c, 0 = c + 4*a - 9. Let b be l(c). Suppose 3*z = -b*z + 714. What are the prime factors of z?
7, 17
Suppose 0 = 2*y - 624 - 16564. What are the prime factors of y?
2, 4297
Suppose 3*o + 35*o - 6*o - 133984 = 0. List the prime factors of o.
53, 79
Let o be ((-1058)/(-115))/((-2)/(-20)). Suppose -3*x - f + 2*f - 46 = 0, -x + 2*f = 17. List the prime factors of o - 25/x*3.
97
Let a = 62 + -52. Suppose 0 = 5*n - a, -5*n + 14 = u - 2*n. Let i = 73 - u. What are the prime factors of i?
5, 13
Suppose -9*q + 16 = 4*i - 5*q, 2*i + 5*q = 17. What are the prime factors of -19 + 274 + (i - -1)?
257
Suppose -211719 = -12*z - 11*z + 97953. List the prime factors of z.
2, 3, 11, 17
Suppose -s = -3*g + 162, 0 = 3*g - 8*g - 3*s + 256. Suppose -63 - g = -4*i. Suppose -5 = -l + i. What are the prime factors of l?
2, 17
Let p(w) = w**2 + 2*w - 43. Let n be p(10). Suppose 86*z - n*z = 72. List the prime factors of z.
2
Let c(u) = 64*u + 148. Let k be c(-14). Let g = k - -1320. What are the prime factors of g?
2, 11, 13
Let x(n) = 20*n**2 - 2*n + 7. Suppose 6 - 9 = -a. Let p be x(a). Let m = p + -91. What are the prime factors of m?
2, 3, 5
Suppose 0 = 4*z - 4*v - 26616, -2*v = -6*z + 10*z - 26604. What are the prime factors of z?
2, 1663
Suppose -40*f - 19*f + 2387431 - 920042 = 0. List the prime factors of f.
7, 11, 17, 19
Suppose 2*o - 16 = 8. Let g be (2/(-3))/(o/(-198)). Let u(w) = -w**2 + 12*w - 6. What are the prime factors of u(g)?
5
Let g(l) = -789*l + 2284. What are the prime factors of g(-13)?
12541
Let g(c) = -6*c + 80. Let i be g(11). Suppose 7*x = i*x - 1519. List the prime factors of x.
7, 31
Suppose 2*p - 731 - 20105 = 3*l, -2*l + 52052 = 5*p. List the prime factors of p.
2, 19, 137
Let b be (-3)/(-2)*((-1696)/(-3) + 6). Suppose -7*a + b = -6122. What are the prime factors of a?
997
Let s(g) = 3*g**2 + 3*g + 17. Let o = 24 + -14. Let k be s(o). Let w = k + -199. List the prime factors of w.
2, 37
Let l = 4807 - -2141. What are the prime factors of l?
2, 3, 193
Let p = 718 - 293. Suppose -12*r + 17*r = p. List the prime factors of r.
5, 17
Let b = 1 - 2. Let a be 2 - (2 + b) - (-11 - -3). Suppose 807 = a*m + 258. List the prime factors of m.
61
List the prime factors of (-256)/(-6528) + (-323389)/(-51).
17, 373
Suppose -4*m + 5*b + 59576 = -0*b, 0 = -4*m - 3*b + 59576. List the prime factors of m.
2, 11, 677
Let j be 14/4*(-396)/(-77). Let y(x) = -x**3 + 20*x